remainder when 220 is divided by 28.
24
What is the remainder when 894 is divided by 13?
10
Calculate the remainder when 292 is divided by 20.
12
What is the remainder when 3379 is divided by 38?
35
What is the remainder when 213 is divided by 35?
3
What is the remainder when 291 is divided by 124?
43
Calculate the remainder when 538 is divided by 20.
18
What is the remainder when 22 is divided by 17?
5
Calculate the remainder when 710 is divided by 3.
2
Calculate the remainder when 328 is divided by 177.
151
Calculate the remainder when 210 is divided by 31.
24
Calculate the remainder when 880 is divided by 49.
47
Calculate the remainder when 116 is divided by 50.
16
Calculate the remainder when 910 is divided by 38.
36
Calculate the remainder when 32 is divided by 23.
9
What is the remainder when 1789 is divided by 28?
25
Calculate the remainder when 501 is divided by 239.
23
What is the remainder when 1738 is divided by 20?
18
Calculate the remainder when 124 is divided by 62.
0
Calculate the remainder when 20 is divided by 5.
0
What is the remainder when 319 is divided by 14?
11
What is the remainder when 126 is divided by 75?
51
What is the remainder when 1539 is divided by 55?
54
What is the remainder when 1486 is divided by 16?
14
What is the remainder when 162 is divided by 36?
18
What is the remainder when 152 is divided by 80?
72
What is the remainder when 688 is divided by 115?
113
Calculate the remainder when 214 is divided by 65.
19
Calculate the remainder when 659 is divided by 20.
19
What is the remainder when 527 is divided by 148?
83
Calculate the remainder when 12608 is divided by 27.
26
What is the remainder when 2583 is divided by 24?
15
Calculate the remainder when 284 is divided by 119.
46
Calculate the remainder when 38413 is divided by 28.
25
What is the remainder when 303 is divided by 17?
14
Calculate the remainder when 321 is divided by 121.
79
What is the remainder when 453 is divided by 24?
21
Calculate the remainder when 327 is divided by 64.
7
Calculate the remainder when 708 is divided by 257.
194
Calculate the remainder when 1342 is divided by 42.
40
What is the remainder when 855 is divided by 22?
19
What is the remainder when 120 is divided by 7?
1
What is the remainder when 537 is divided by 6?
3
What is the remainder when 4570 is divided by 102?
82
What is the remainder when 632 is divided by 19?
5
What is the remainder when 4399 is divided by 53?
0
Calculate the remainder when 13082 is divided by 6533.
16
Calculate the remainder when 1517 is divided by 138.
137
Calculate the remainder when 24802 is divided by 106.
104
What is the remainder when 317 is divided by 61?
12
What is the remainder when 6990 is divided by 19?
17
What is the remainder when 237 is divided by 62?
51
Calculate the remainder when 395 is divided by 25.
20
What is the remainder when 66 is divided by 9?
3
Calculate the remainder when 1093 is divided by 28.
1
Calculate the remainder when 55 is divided by 26.
3
Calculate the remainder when 780 is divided by 11.
10
What is the remainder when 3958 is divided by 67?
5
Calculate the remainder when 461 is divided by 90.
11
What is the remainder when 706 is divided by 141?
1
Calculate the remainder when 24 is divided by 15.
9
Calculate the remainder when 431 is divided by 205.
21
Calculate the remainder when 172 is divided by 71.
30
Calculate the remainder when 2192 is divided by 1091.
10
Calculate the remainder when 197 is divided by 97.
3
What is the remainder when 1276 is divided by 78?
28
What is the remainder when 147 is divided by 38?
33
Calculate the remainder when 178 is divided by 92.
86
What is the remainder when 398 is divided by 133?
132
What is the remainder when 1384 is divided by 42?
40
Calculate the remainder when 135 is divided by 21.
9
What is the remainder when 252 is divided by 227?
25
Calculate the remainder when 691 is divided by 21.
19
What is the remainder when 381 is divided by 44?
29
Calculate the remainder when 3516 is divided by 878.
4
Calculate the remainder when 1359 is divided by 16.
15
What is the remainder when 47 is divided by 33?
14
Calculate the remainder when 3085 is divided by 1024.
13
What is the remainder when 74 is divided by 68?
6
Calculate the remainder when 58 is divided by 21.
16
Calculate the remainder when 16212 is divided by 22.
20
What is the remainder when 933 is divided by 281?
90
What is the remainder when 639 is divided by 312?
15
What is the remainder when 832 is divided by 223?
163
What is the remainder when 284 is divided by 100?
84
Calculate the remainder when 446 is divided by 41.
36
What is the remainder when 104 is divided by 17?
2
Calculate the remainder when 219 is divided by 30.
9
Calculate the remainder when 21 is divided by 7.
0
What is the remainder when 1129 is divided by 71?
64
Calculate the remainder when 385 is divided by 65.
60
Calculate the remainder when 140 is divided by 41.
17
What is the remainder when 194 is divided by 134?
60
Calculate the remainder when 1753 is divided by 65.
63
Calculate the remainder when 194 is divided by 33.
29
What is the remainder when 192 is divided by 58?
18
Calculate the remainder when 3949 is divided by 46.
39
Calculate the remainder when 22603 is divided by 137.
135
Calculate the remainder when 1173 is divided by 290.
13
Calculate the remainder when 1257 is divided by 42.
39
What is the remainder when 516 is divided by 74?
72
Calculate the remainder when 17087 is divided by 48.
47
What is the remainder when 454 is divided by 89?
9
What is the remainder when 34 is divided by 16?
2
What is the remainder when 373 is divided by 98?
79
What is the remainder when 13173 is divided by 9?
6
What is the remainder when 93 is divided by 7?
2
Calculate the remainder when 2479 is divided by 16.
15
Calculate the remainder when 16304 is divided by 23.
20
Calculate the remainder when 10757 is divided by 53.
51
Calculate the remainder when 186 is divided by 63.
60
What is the remainder when 279 is divided by 271?
8
What is the remainder when 585 is divided by 19?
15
What is the remainder when 454 is divided by 58?
48
What is the remainder when 5322 is divided by 172?
162
What is the remainder when 510 is divided by 81?
24
Calculate the remainder when 676 is divided by 68.
64
What is the remainder when 13744 is divided by 808?
8
What is the remainder when 2038 is divided by 5?
3
What is the remainder when 193 is divided by 8?
1
Calculate the remainder when 31918 is divided by 152.
150
Calculate the remainder when 2495 is divided by 192.
191
Calculate the remainder when 1170 is divided by 163.
29
Calculate the remainder when 1053 is divided by 89.
74
What is the remainder when 3624 is divided by 16?
8
Calculate the remainder when 232 is divided by 22.
12
Calculate the remainder when 2183 is divided by 21.
20
Calculate the remainder when 61 is divided by 5.
1
Calculate the remainder when 610 is divided by 41.
36
Calculate the remainder when 556 is divided by 7.
3
What is the remainder when 935 is divided by 136?
119
What is the remainder when 604 is divided by 19?
15
Calculate the remainder when 504 is divided by 46.
44
Calculate the remainder when 135 is divided by 68.
67
What is the remainder when 90 is divided by 23?
21
Calculate the remainder when 160 is divided by 82.
78
Calculate the remainder when 360 is divided by 73.
68
What is the remainder when 735 is divided by 188?
171
What is the remainder when 711 is divided by 40?
31
Calculate the remainder when 34 is divided by 2.
0
Calculate the remainder when 73 is divided by 23.
4
What is the remainder when 1274 is divided by 40?
34
What is the remainder when 464 is divided by 126?
86
Calculate the remainder when 199 is divided by 13.
4
What is the remainder when 316 is divided by 157?
2
Calculate the remainder when 726 is divided by 111.
60
Calculate the remainder when 46 is divided by 27.
19
What is the remainder when 2872 is divided by 90?
82
Calculate the remainder when 14069 is divided by 51.
44
Calculate the remainder when 57 is divided by 22.
13
What is the remainder when 1687 is divided by 24?
7
What is the remainder when 906 is divided by 13?
9
What is the remainder when 289 is divided by 5?
4
What is the remainder when 2140 is divided by 102?
1